 = 40*u + 19. Calculate v(-1).
-21
Let q(p) = 5*p + 4. What is q(-3)?
-11
Let r(o) = -3*o**2 - o + 3. Give r(-2).
-7
Let b(g) = 7*g - 18. What is b(3)?
3
Let k(r) = -r**3 - 6*r**2 - r + 4. Calculate k(-7).
60
Let f(o) = 3*o**2 + 5. Calculate f(4).
53
Let k(l) = l**2 - 5*l - 7. Determine k(-4).
29
Let o(f) = -f**3 + 8*f**2 - 8*f + 5. Determine o(7).
-2
Let t(n) = -4*n**3 - 2*n**2 + 2*n + 3. Calculate t(-2).
23
Let o(q) = -q**2 - 6*q - 4. Calculate o(-7).
-11
Let p(n) = -3*n**3 - 3*n**2 + n - 4. Calculate p(-3).
47
Let i(o) = o**3 + 8*o**2 + 4*o + 4. Give i(-3).
37
Let o(a) = 38*a + 8. Determine o(-1).
-30
Let v(i) = -2*i**3 + 13*i**2 + 6*i + 10. Give v(7).
3
Let j(p) = -4*p + 21. Give j(14).
-35
Let f(l) = -l**3 + 3*l**2 + 22*l - 77. Determine f(4).
-5
Let j(k) = k**3 + 13*k**2 + 14*k + 8. Give j(-12).
-16
Let i(d) = -10*d + 221. Determine i(22).
1
Let b(s) = -4*s**2 - 33*s + 16. Determine b(-10).
-54
Let y(g) = -g**2 - 9*g - 12. Give y(-8).
-4
Let a(j) = j**2 - 7*j. What is a(3)?
-12
Let j(t) = t**3 + 5*t**2 + 7*t + 10. Give j(-3).
7
Let u(t) = -t**2 - 3*t + 8. Calculate u(7).
-62
Let v(q) = -q**2 + 11*q - 11. Give v(10).
-1
Let t(c) = -c**2 + 9*c - 3. Determine t(6).
15
Let d(z) = -5*z**2 - 6*z + 2. Determine d(1).
-9
Let m(l) = 6*l - 224. Determine m(37).
-2
Let j(w) = -w**3 - 2*w**2 + w - 5. Give j(-4).
23
Let q(m) = 108*m - 650. Determine q(6).
-2
Let q(w) = -w**3 - 14*w**2 - 15*w + 20. Give q(-13).
46
Let t(f) = 19*f + 78. Give t(-7).
-55
Let n(z) = -z**3 - 8*z**2 + 10*z - 11. Determine n(-9).
-20
Let o(n) = n - 10. Calculate o(-3).
-13
Let w(i) = i**3 - 6*i**2 + 8*i + 6. Calculate w(4).
6
Let b(o) = -o**3 + 4*o**2 + 7*o + 15. Calculate b(6).
-15
Let k(u) = -u**2 + 6*u + 13. Give k(9).
-14
Let q(g) = -2*g - 20. Determine q(-6).
-8
Let w(s) = 2*s**2 - 31*s + 26. Give w(14).
-16
Let t(i) = -i**3 - 6*i**2 - 5*i + 5. Calculate t(-5).
5
Let h(x) = 11*x + 123. Give h(-14).
-31
Let r(h) = h - 8. Determine r(-8).
-16
Let g(f) = -f**3 + f**2 + 3*f + 3. What is g(-3)?
30
Let t(f) = 3*f**3 - 3*f**2. Calculate t(2).
12
Let a(t) = 10*t**2 - t + 2. Determine a(1).
11
Let c(x) = -19*x**2 - 4*x + 3. Give c(2).
-81
Let f(q) = q**3 + 7*q**2 - 10*q. What is f(-8)?
16
Let u(y) = y**2 - 8*y + 17. Determine u(5).
2
Let a(v) = -7*v + 1. Calculate a(-3).
22
Let l(o) = 2*o**2 - o - 2. What is l(2)?
4
Let l(d) = -d**2 - 7*d - 2. Give l(-5).
8
Let c(p) = -6*p - 284. Calculate c(-48).
4
Let y(c) = -c**3 + 5*c**2 - 3*c + 51. What is y(6)?
-3
Let t(g) = -g - 12. Determine t(-14).
2
Let n(t) = -3*t - 24. Calculate n(19).
-81
Let j(y) = 2*y**3 + 83*y**2 + 40*y - 47. Calculate j(-41).
-6
Let n(w) = w**3 + 15*w**2 - 57*w - 3. Calculate n(-18).
51
Let h(x) = x**3 + 12*x**2 + 6*x + 5. What is h(-11)?
60
Let f(v) = -2*v**2 - 96*v - 94. What is f(-47)?
0
Let y(f) = -21*f - 6. Calculate y(2).
-48
Let z(s) = s**3 - 19*s**2 + 34*s - 25. What is z(17)?
-25
Let k(t) = -t**2 - 12*t + 102. Calculate k(6).
-6
Let r(p) = 2*p**2 - 38*p + 21. What is r(18)?
-15
Let t(c) = -c**3 - 4*c**2 + 2*c - 2. Determine t(-4).
-10
Let f(r) = -r**3 - 5*r**2 - 2*r + 5. Calculate f(-5).
15
Let r(u) = -u**3 - 9*u**2 + 21*u + 26. Determine r(-11).
37
Let r(n) = n**3 - 32*n**2 + 54*n + 23. What is r(30)?
-157
Let j(w) = -74*w - 151. Determine j(-2).
-3
Let r(c) = -6*c**2 - 13*c - 25. Give r(-6).
-163
Let d(i) = -i**3 - 5*i**2 - 4*i. What is d(-4)?
0
Let l(b) = b**3 + 10*b**2 + 13*b + 5. Determine l(-9).
-31
Let z(o) = -o**3 + 8*o**2 - 5*o + 1. What is z(5)?
51
Let n(h) = h**3 - 5*h**2 - 7*h + 8. What is n(6)?
2
Let h(r) = 2*r**3 - 7*r**2 + 7*r - 6. Give h(4).
38
Let s(q) = 3*q**2 - 28*q + 4. Determine s(9).
-5
Let o(s) = s**2 - 4*s + 7. Give o(3).
4
Let z(h) = h**3 - 5*h**2 + 23. Calculate z(5).
23
Let f(u) = 67*u + 930. Give f(-14).
-8
Let r(t) = -3*t - 14. Determine r(-12).
22
Let t(j) = 84*j**3 - 2*j**2 - 3*j - 2. Calculate t(-1).
-85
Let r(d) = d**2 + 20*d + 11. Determine r(-17).
-40
Let a(i) = 2*i**2 + 10*i + 13. Give a(-3).
1
Let d(x) = -10*x - 54. Determine d(-2).
-34
Let q(g) = -g**2 - 3*g + 18. Calculate q(0).
18
Let x(y) = -y**2 + 7*y + 9. Give x(11).
-35
Let m(l) = -4*l - 34. Give m(-6).
-10
Let l(s) = s**3 - 4*s**2 - 18*s + 68. What is l(5)?
3
Let b(v) = -3*v**2 + 36*v + 9. Determine b(12).
9
Let g(v) = -109*v + 5. Calculate g(1).
-104
Let x(r) = -r - 8. Determine x(-4).
-4
Let v(s) = s**3 - 16*s**2 + 14*s + 13. What is v(15)?
-2
Let n(s) = -s**3 + 9*s**2 - 9*s + 9. What is n(8)?
1
Let h(x) = -6*x - 78. Give h(-18).
30
Let j(p) = 4*p - 11. What is j(4)?
5
Let o(v) = -3*v**3 + 2*v**2 - 3*v + 1. What is o(2)?
-21
Let t(i) = -i**3 + 3*i**2 + 6*i - 6. What is t(4)?
2
Let v(a) = 26*a**3 - a**2 - a + 1. Determine v(1).
25
Let k(b) = 2*b**2 - 4*b - 10. What is k(3)?
-4
Let t(h) = 3*h + 10. Determine t(4).
22
Let y(z) = -3*z + 11. Give y(5).
-4
Let t(g) = g**2 + 3*g - 66. What is t(8)?
22
Let m(c) = -3*c. Determine m(-4).
12
Let c(v) = -9*v**2 + 73*v - 9. Calculate c(8).
-1
Let f(o) = 2*o**2 - 12*o + 14. Give f(8).
46
Let r(c) = -17*c + 104. Give r(6).
2
Let r(w) = w**3 + 7*w**2 + 4*w + 3. Determine r(-6).
15
Let n(q) = -q**3 - 5*q**2 + 14*q + 5. Determine n(-7).
5
Let r(l) = -3*l + 30. Give r(10).
0
Let n(a) = -a**2 - 15*a - 25. Calculate n(-13).
1
Let j(o) = -o**3 + 3*o**2 + 3*o - 3. Calculate j(4).
-7
Let i(k) = -k**2 + k + 20. Determine i(6).
-10
Let f(m) = 2*m + 7. Determine f(-10).
-13
Let k(p) = p**2 - 8*p - 2. Determine k(7).
-9
Let t(c) = c**3 - 19*c**2 - 23*c + 64. Calculate t(20).
4
Let c(x) = x**3 - x**2 + x - 41. Calculate c(0).
-41
Let b(j) = 4*j**2 - 6*j - 10. Determine b(-4).
78
Let s(i) = -i**2 - 159*i - 766. What is s(-5)?
4
Let d(o) = -17*o - 54. What is d(-3)?
-3
Let b(x) = 5*x - 44. What is b(12)?
16
Let g(b) = b**2 + b - 25. Determine g(5).
5
Let w(g) = -11*g - 27. Calculate w(-3).
6
Let q(d) = 3*d - 20. Calculate q(5).
-5
Let x(w) = -2*w**2 + 3*w + 6. Determine x(-2).
-8
Let v(k) = 92*k + 2. Calculate v(-1).
-90
Let y(z) = -z**2 + 9*z - 14. What is y(6)?
4
Let d(p) = 6*p**3 + p**2 - 2*p + 1. Determine d(1).
6
Let j(o) = -o**3 + 14*o**2 - 13*o - 5. What is j(13)?
-5
Let h(x) = x**3 - 2*x**2 - 2*x + 15. Calculate h(0).
15
Let h(x) = -x + 7. Calculate h(10).
-3
Let i(t) = -4*t. Give i(8).
-32
Let z(v) = 2*v - 63. Give z(11).
-41
Let h(p) = p**3 + 8*p**2 + 4*p. Calculate h(-7).
21
Let h(u) = -14*u + 3. What is h(1)?
-11
Let c(k) = -k**3 + 22*k**2 + 23*k + 2. Calculate c(23).
2
Let t(q) = 14*q**3 - 3*q**2 - 7*q + 7. Give t(1).
11
Let d(c) = c - 1. Give d(6).
5
Let g(a) = -2*a - 2. What is g(5)?
-12
Let x(s) = 40*s - 161. What is x(4)?
-1
Let x(t) = -3*t - 19. What is x(-7)?
2
Let a(w) = w**3 + 14*w**2 + 13*w - 4. Determine a(-13).
-4
Let s(q) = -q**2 - 15*q + 15. What is s(-16)?
-1
Let z(q) = -11*q**3 + 2*q**2 - 1. Calculate z(-1).
12
Let l(h) = 15*h - 157. Calculate l(10).
-7
Let p(f) = -f**2 + 3*f - 5. What is p(7)?
-33
Let q(f) = -2*f**2 - 22*f + 62. Calculate q(-12).
38
Let l(x) = -5*x**2 - 5*x - 7. Calculate l(-1).
-7
Let i(m) = m**2 - 10*m + 2. What is i(14)?
58
Let q(p) = 8*p + 70. Calculate q(-17).
-66
Let p(o) = -2*o**2 + 9*o + 7. What is p(-4)?
-61
Let d(z) = z**3 - 6*z**2 - 7*z - 1. Calculate d(-1).
-1
Let g(i) = 42*i - 173. What is g(4)?
-5
Let c(m) = -m**2 + 6*m - 16. Calculate c(10).
-56
Let p(z) = -54*z + 109. Give p(2).
1
Let x(c) = -c**2 - 7*c - 5. Give x(-6).
1
Let g(x) = -x**3 + 12*x**2 - 35*x - 5. Give g(6).
1
Let n(r) = -3*r**2 + 6*r + 3. Calculate n(3).
-6
Let l(s) = s**2 + 3*s - 59. What is l(7)?
11
Let i(f) = -6*f + 7. Calculate i(-9).
61
Let q(j) = j**3 - 4*j**2 - 5*j - 2. Determine q(4).
-22
Let b(i) = -i**2 - 10*i + 1. Determine b(-4).
25
Let d(u) = 19*u + 7. Calculate d(-4).
-69
Let n(r) = -11*r + 156. What is n(15)?
-9
Let y(h) = 2*h - 27. Give y(14).
1
Let p(t) = -3*t**2 + 6*t - 8. Calculate p(2).
-8
Let t(s) = -4*s**2 + 57*s - 19. Give t(14).
-5
Let u(h) = -h**3 - 10*h**2 + 12*h + 11. Determine u(-11).
0
Let n(d) = 9*d**3 + 2*d**2 - 2*d + 1. What is n(1)?
10
Let m(a) = a**3 + 12*a**2 + 4*a + 51. What is m(-12)?
3
Let a(b) = 2*b**2 + 6*b - 8. Determine a(-6).
28
Let d(h) = -2*h + 27. What is d(9)?
9
Let d(r) = r**3 - 8*r**2 + 6*r - 1. What is d(8)?
47
Let y(o) = o + 7. Calculate y(9).
16
Let k(g) = g**3 - 15*g**2. Calculate k(15).
0
Let n(g) = -g**3